{"id":370,"date":"2020-10-27T17:48:26","date_gmt":"2020-10-27T17:48:26","guid":{"rendered":"https:\/\/sobiad.org\/eJOURNALS\/journal_IJEF\/index.html\/?page_id=370"},"modified":"2026-03-13T07:08:17","modified_gmt":"2026-03-13T07:08:17","slug":"ijefs-vol-10-issue-1-2-2018","status":"publish","type":"page","link":"https:\/\/sobiad.org\/eJOURNALS\/journal_IJEF\/index.html\/ijefs-vol-10-issue-1-2-2018\/","title":{"rendered":"IJEFS, Vol 10, Issue 1-2, 2018"},"content":{"rendered":"\n<p>Our Archive contains the full text of all articles published in the International Journal of Economics and Finance Studies.<br><br>All articles published in the IJEFS are available as Portable Document Format (PDF) documents. Free Adobe Reader software is needed for reading [<a href=\"http:\/\/www.adobe.com\/products\/acrobat\/readstep2.html\">download<\/a>]<br><br><strong>Vol 10\u00a0 No 1 , 2018<\/strong><br><strong>Content<\/strong><br><br>FOREIGN DIRECT INVESTMENT AND ECONOMIC PROGRESS: APPLICATION OF A DYNAMIC MODEL<br><a href=\"https:\/\/sobiad.org\/eJOURNALS\/journal_IJEF\/index.html\/eJOURNALS\/journal_IJEF\/archieves\/IJEF_2018_1\/c-ogbokor.pdf\">Cyril A. Ogbokor<\/a><br><br>THE DEVELOPMENT AND APPLICATION OF A REGIONAL AND LOCAL ECONOMIC DEVELOPMENT ASSESSMENT INSTRUMENT<br><a href=\"https:\/\/sobiad.org\/eJOURNALS\/journal_IJEF\/index.html\/eJOURNALS\/journal_IJEF\/archieves\/IJEF_2018_1\/d-francois.pdf\">Daniel Francois Meyer,<\/a><br><br>AN ASSESSMENT OF EMERGING HYBRID PUBLIC-PRIVATE PARTNERSHIPS IN THE ENERGY SECTOR IN SOUTH AFRICA<br><a href=\"https:\/\/sobiad.org\/eJOURNALS\/journal_IJEF\/index.html\/eJOURNALS\/journal_IJEF\/archieves\/IJEF_2018_1\/d-nel.pdf\">Danielle Nel<\/a><br><br>ACCESS TO CREDIT AND SAVING BEHAVIOUR OF GENERATION Y STUDENTS. ARE WE EDUCATING AN OVER-INDEBTED GENERATION?<br><a href=\"https:\/\/sobiad.org\/eJOURNALS\/journal_IJEF\/index.html\/eJOURNALS\/journal_IJEF\/archieves\/IJEF_2018_1\/h-koloba.pdf\">H.A. Koloba<\/a><br><br>CONSTRUCTION WORKERS\u2019 SKILL DEVELOPMENT: A STRATEGY FOR IMPROVING CAPACITY AND PRODUCTIVITY IN SOUTH AFRICA<br><a href=\"https:\/\/sobiad.org\/eJOURNALS\/journal_IJEF\/index.html\/eJOURNALS\/journal_IJEF\/archieves\/IJEF_2018_1\/m-orando.pdf\">M. Orando &#8211; A.K. Isabirye<\/a><br><br>AN ANALYSIS OF THE RELATIONSHIP BETWEEN ECONOMIC GROWTH AND FINANCIAL DEVELOPMENT FOR BRICS COUNTRIES<br><a href=\"https:\/\/sobiad.org\/eJOURNALS\/journal_IJEF\/index.html\/eJOURNALS\/journal_IJEF\/archieves\/IJEF_2018_1\/a-stingligh.pdf\">A Stiglingh &#8211; D Vijloen<\/a><br><br>COMPARATIVE ADVANTAGE AND COMPETITIVENESS OF MAIN INDUSTRIES IN THE NORTH-EASTERN REGION OF SOUTH AFRICA: APPLICATION OF LOCATION QUOTIENT AND SHIFT-SHARE TECHNIQUES<br><a href=\"https:\/\/sobiad.org\/eJOURNALS\/journal_IJEF\/index.html\/eJOURNALS\/journal_IJEF\/archieves\/IJEF_2018_1\/f-niyimbarina.pdf\">Ferdinand Niyimbanira<\/a><br><br>AN ECONOMETRIC ANALYSIS ON THE IMPACT OF BUSINESS CONFIDENCE AND INVESTMENT ON ECONOMIC GROWTH IN POST-APARTHEID SOUTH AFRICA<br><a href=\"https:\/\/sobiad.org\/eJOURNALS\/journal_IJEF\/index.html\/eJOURNALS\/journal_IJEF\/archieves\/IJEF_2018_1\/j-d-jongh.pdf\">Jacques de Jongh &#8211; Precious Mncayi<\/a><br><br>MONEY DEMAND FUNCTION IN THE SOUTH AFRICAN ECONOMY: EVIDENCE FROM ARDL AND STRUCTURAL BREAKS ANALYSIS<br><a href=\"https:\/\/sobiad.org\/eJOURNALS\/journal_IJEF\/index.html\/eJOURNALS\/journal_IJEF\/archieves\/IJEF_2018_1\/k-a-sanusi.pdf\">K.A. Sanusi &#8211; D.F. Meyer<\/a><br><br>TOWARDS DEVELOPING A STRATEGIC FRAMEWORK FOR STIMULATING RURAL ENTREPRENEURSHIP IN KWAZULU-NATAL, SOUTH AFRICA: A CASE STUDY OF THREE MUNICIPALITIES\u00a0<br><a href=\"https:\/\/sobiad.org\/eJOURNALS\/journal_IJEF\/index.html\/eJOURNALS\/journal_IJEF\/archieves\/IJEF_2018_1\/m-bomani.pdf\">Mapeto Bomani\u00a0&#8211;\u00a0Evelyn Derera<\/a><br><br>INVESTIGATING STEINHOFF INTERNATIONAL HOLDINGS\u2019 RESULTS: APPLICATION OF INTEGRATED FINANCIAL DECISION-MAKING MODEL AND LEAN ACCOUNTING PRINCIPLES<br><a href=\"https:\/\/sobiad.org\/eJOURNALS\/journal_IJEF\/index.html\/eJOURNALS\/journal_IJEF\/archieves\/IJEF_2018_1\/m-j-swanapoel.pdf\">M. J. Swanepoel<\/a><br><br>A COMPARATIVE ANALYSIS OF INCOME- AND ASSET-BASED POVERTY MEASURES OF HOUSEHOLDS IN A TOWNSHIP IN SOUTH AFRICA<br><a href=\"https:\/\/sobiad.org\/eJOURNALS\/journal_IJEF\/index.html\/eJOURNALS\/journal_IJEF\/archieves\/IJEF_2018_1\/p-f-muzundutsi.pdf\">Paul-Francois Muzindutsi<\/a><br><br><strong>Vol 10\u00a0 No 2 , 2018<\/strong><br><strong>Content<\/strong><br><br>KEY ROLE OF R&amp;D INTENSITY ON POLITICAL AND FINANCIAL STABILITY: EVIDENCE FROM THE G-8 COUNTRIES<br><a href=\"https:\/\/sobiad.org\/eJOURNALS\/journal_IJEF\/index.html\/eJOURNALS\/journal_IJEF\/archieves\/IJEF_2018_2\/y-yildirim.pdf\">Yavuz Y\u0131ld\u0131r\u0131m\u00a0&#8211;\u00a0Feyza Balan<\/a><br><br>THE IMPACT OF EMPLOYEE ENGAGEMENT ON ORGANISATIONAL PERFORMANCE: A BALANCED SCORECARD APPROACH<br><a href=\"https:\/\/sobiad.org\/eJOURNALS\/journal_IJEF\/index.html\/eJOURNALS\/journal_IJEF\/archieves\/IJEF_2018_2\/r-muller.pdf\">Roger Muller &#8211; Elroy Smith &#8211; Riyaadh Lillah<\/a><br><br>AN ANALYSIS OF THE SOCIO-ECONOMIC ANTECEDENTS OF HOUSING INSECURITY<br><a href=\"https:\/\/sobiad.org\/eJOURNALS\/journal_IJEF\/index.html\/eJOURNALS\/journal_IJEF\/archieves\/IJEF_2018_2\/s-h-dunga.pdf\">Steven Henry Dunga &#8211; WCJ Grobler<\/a><br><br>PREDICTING STUDENT SUCCESS IN PUBLIC ECONOMICS<br><a href=\"https:\/\/sobiad.org\/eJOURNALS\/journal_IJEF\/index.html\/eJOURNALS\/journal_IJEF\/archieves\/IJEF_2018_2\/z-robinson.pdf\">Z. Robinson<\/a><\/p>\n","protected":false},"excerpt":{"rendered":"<p>Our Archive contains the full text of all articles published in the International Journal of Economics and Finance Studies. All articles published in the IJEFS are available as Portable Document Format (PDF) documents. Free Adobe Reader software is needed for reading [download] Vol 10\u00a0 No 1 , 2018Content FOREIGN DIRECT INVESTMENT AND ECONOMIC PROGRESS: APPLICATION [&hellip;]<\/p>\n","protected":false},"author":2,"featured_media":0,"parent":0,"menu_order":0,"comment_status":"closed","ping_status":"closed","template":"","meta":{"footnotes":""},"class_list":["post-370","page","type-page","status-publish","hentry"],"_links":{"self":[{"href":"https:\/\/sobiad.org\/eJOURNALS\/journal_IJEF\/index.html\/wp-json\/wp\/v2\/pages\/370","targetHints":{"allow":["GET"]}}],"collection":[{"href":"https:\/\/sobiad.org\/eJOURNALS\/journal_IJEF\/index.html\/wp-json\/wp\/v2\/pages"}],"about":[{"href":"https:\/\/sobiad.org\/eJOURNALS\/journal_IJEF\/index.html\/wp-json\/wp\/v2\/types\/page"}],"author":[{"embeddable":true,"href":"https:\/\/sobiad.org\/eJOURNALS\/journal_IJEF\/index.html\/wp-json\/wp\/v2\/users\/2"}],"replies":[{"embeddable":true,"href":"https:\/\/sobiad.org\/eJOURNALS\/journal_IJEF\/index.html\/wp-json\/wp\/v2\/comments?post=370"}],"version-history":[{"count":1,"href":"https:\/\/sobiad.org\/eJOURNALS\/journal_IJEF\/index.html\/wp-json\/wp\/v2\/pages\/370\/revisions"}],"predecessor-version":[{"id":919,"href":"https:\/\/sobiad.org\/eJOURNALS\/journal_IJEF\/index.html\/wp-json\/wp\/v2\/pages\/370\/revisions\/919"}],"wp:attachment":[{"href":"https:\/\/sobiad.org\/eJOURNALS\/journal_IJEF\/index.html\/wp-json\/wp\/v2\/media?parent=370"}],"curies":[{"name":"wp","href":"https:\/\/api.w.org\/{rel}","templated":true}]}}